{"id":5763,"date":"2024-10-22T14:57:59","date_gmt":"2024-10-22T12:57:59","guid":{"rendered":"https:\/\/www.lasallefoundation.org\/?post_type=avada_portfolio&#038;p=5763"},"modified":"2024-10-22T14:57:59","modified_gmt":"2024-10-22T12:57:59","slug":"educacion-para-mujeres-indigenas-la-salle-guatemala","status":"publish","type":"avada_portfolio","link":"https:\/\/www.lasallefoundation.org\/es\/project\/educacion-para-mujeres-indigenas-la-salle-guatemala\/","title":{"rendered":"Educaci\u00f3n para mujeres ind\u00edgenas: La Salle Guatemala"},"content":{"rendered":"<div class=\"fusion-fullwidth fullwidth-box fusion-builder-row-1 fusion-flex-container nonhundred-percent-fullwidth non-hundred-percent-height-scrolling\" style=\"--awb-border-radius-top-left:0px;--awb-border-radius-top-right:0px;--awb-border-radius-bottom-right:0px;--awb-border-radius-bottom-left:0px;--awb-flex-wrap:wrap;\" ><div class=\"fusion-builder-row fusion-row fusion-flex-align-items-flex-start fusion-flex-content-wrap\" style=\"max-width:1248px;margin-left: calc(-4% \/ 2 );margin-right: calc(-4% \/ 2 );\"><div class=\"fusion-layout-column fusion_builder_column fusion-builder-column-0 fusion_builder_column_1_1 1_1 fusion-flex-column\" style=\"--awb-bg-size:cover;--awb-width-large:100%;--awb-margin-top-large:0px;--awb-spacing-right-large:1.92%;--awb-margin-bottom-large:0px;--awb-spacing-left-large:1.92%;--awb-width-medium:100%;--awb-spacing-right-medium:1.92%;--awb-spacing-left-medium:1.92%;--awb-width-small:100%;--awb-spacing-right-small:1.92%;--awb-spacing-left-small:1.92%;\"><div class=\"fusion-column-wrapper fusion-flex-justify-content-flex-start fusion-content-layout-column\"><div class=\"fusion-separator fusion-full-width-sep\" style=\"align-self: center;margin-left: auto;margin-right: auto;margin-top:40px;margin-bottom:40px;width:100%;\"><\/div><div class=\"fusion-text fusion-text-1\"><h2><span style=\"font-weight: 400;\">Zona Reina, Guatemala: formaci\u00f3n profesional para mujeres de comunidades ind\u00edgenas<\/span><\/h2>\n<\/div><div style=\"text-align:right;\"><a class=\"fusion-button button-flat fusion-button-default-size button-default fusion-button-default button-1 fusion-button-default-span fusion-button-default-type\" style=\"--awb-margin-top:30px;--awb-margin-bottom:60px;\" target=\"_self\" href=\"https:\/\/donar.1lasalle.lasallefoundation.org\/\"><span class=\"fusion-button-text awb-button__text awb-button__text--default\">Apoya el proyecto<\/span><\/a><\/div><div class=\"fusion-text fusion-text-2\"><p><span style=\"font-weight: 400;\">Zona Reina, situada a unos 65 kil\u00f3metros de Uspant\u00e1n en el departamento de Quich\u00e9 en Guatemala, alberga 92 comunidades, la mayor\u00eda de las cuales son Q&#8217;eqchi&#8217;. Aqu\u00ed, los lasallistas llevan a cabo proyectos destinados a reforzar las capacidades econ\u00f3micas y pol\u00edticas de las mujeres de las comunidades ind\u00edgenas.  <\/span><\/p>\n<p><span style=\"font-weight: 400;\">La iniciativa ofrece formaci\u00f3n en pr\u00e1cticas agroecol\u00f3gicas avanzadas y actividades econ\u00f3micas de comercio justo. Los elementos clave son los talleres agroecol\u00f3gicos que mejoran las habilidades en la producci\u00f3n y comercializaci\u00f3n de alimentos, dirigidos por mujeres que lideran la formaci\u00f3n de otras.   <\/span><\/p>\n<h4 style=\"text-align: center;\"><span style=\"font-weight: 400;\">Puedes elegir de apoyar este proyecto haciendo clic en la palabra <\/span><a href=\"https:\/\/dona.1lasalle.lasallefoundation.org\/\" target=\"_blank\" rel=\"noopener\"><b>DONA<\/b><\/a><span style=\"font-weight: 400;\">.<\/span><\/h4>\n<\/div><div class=\"fusion-separator fusion-full-width-sep\" style=\"align-self: center;margin-left: auto;margin-right: auto;margin-top:40px;margin-bottom:40px;width:100%;\"><\/div><div class=\"fusion-image-element \" style=\"--awb-caption-title-font-family:var(--h2_typography-font-family);--awb-caption-title-font-weight:var(--h2_typography-font-weight);--awb-caption-title-font-style:var(--h2_typography-font-style);--awb-caption-title-size:var(--h2_typography-font-size);--awb-caption-title-transform:var(--h2_typography-text-transform);--awb-caption-title-line-height:var(--h2_typography-line-height);--awb-caption-title-letter-spacing:var(--h2_typography-letter-spacing);\"><span class=\" fusion-imageframe imageframe-none imageframe-1 hover-type-none\"><img decoding=\"async\" width=\"1024\" height=\"683\" title=\"IMG_4177\" src=\"https:\/\/www.lasallefoundation.org\/wp-content\/uploads\/2024\/10\/IMG_4177-scaled.jpg\" data-orig-src=\"https:\/\/www.lasallefoundation.org\/wp-content\/uploads\/2024\/10\/IMG_4177-1024x683.jpg\" alt class=\"lazyload img-responsive wp-image-5750\" srcset=\"data:image\/svg+xml,%3Csvg%20xmlns%3D%27http%3A%2F%2Fwww.w3.org%2F2000%2Fsvg%27%20width%3D%272560%27%20height%3D%271707%27%20viewBox%3D%270%200%202560%201707%27%3E%3Crect%20width%3D%272560%27%20height%3D%271707%27%20fill-opacity%3D%220%22%2F%3E%3C%2Fsvg%3E\" data-srcset=\"https:\/\/www.lasallefoundation.org\/wp-content\/uploads\/2024\/10\/IMG_4177-200x133.jpg 200w, https:\/\/www.lasallefoundation.org\/wp-content\/uploads\/2024\/10\/IMG_4177-400x267.jpg 400w, https:\/\/www.lasallefoundation.org\/wp-content\/uploads\/2024\/10\/IMG_4177-600x400.jpg 600w, https:\/\/www.lasallefoundation.org\/wp-content\/uploads\/2024\/10\/IMG_4177-800x533.jpg 800w, https:\/\/www.lasallefoundation.org\/wp-content\/uploads\/2024\/10\/IMG_4177-1200x800.jpg 1200w\" data-sizes=\"auto\" data-orig-sizes=\"(max-width: 700px) 100vw, 1200px\" \/><\/span><\/div><div class=\"fusion-separator fusion-full-width-sep\" style=\"align-self: center;margin-left: auto;margin-right: auto;margin-top:40px;margin-bottom:40px;width:100%;\"><\/div><div class=\"fusion-text fusion-text-3\"><h3><b>Promover la participaci\u00f3n y el empoderamiento<\/b><\/h3>\n<p>Para reforzar la capacitaci\u00f3n de las mujeres, se imparte formaci\u00f3n pol\u00edtica y organizativa para promover su participaci\u00f3n en la defensa de los intereses de la comunidad y su capacidad de influir en las pol\u00edticas locales. <\/p>\n<p>El proyecto tambi\u00e9n proporciona educaci\u00f3n socioemocional a j\u00f3venes de entre 15 y 20 a\u00f1os, promoviendo un entorno libre de violencia.<\/p>\n<\/div><div class=\"fusion-separator fusion-full-width-sep\" style=\"align-self: center;margin-left: auto;margin-right: auto;margin-top:40px;margin-bottom:40px;width:100%;\"><\/div><div class=\"fusion-image-element \" style=\"--awb-caption-title-font-family:var(--h2_typography-font-family);--awb-caption-title-font-weight:var(--h2_typography-font-weight);--awb-caption-title-font-style:var(--h2_typography-font-style);--awb-caption-title-size:var(--h2_typography-font-size);--awb-caption-title-transform:var(--h2_typography-text-transform);--awb-caption-title-line-height:var(--h2_typography-line-height);--awb-caption-title-letter-spacing:var(--h2_typography-letter-spacing);\"><span class=\" fusion-imageframe imageframe-none imageframe-2 hover-type-none\"><img decoding=\"async\" width=\"1024\" height=\"683\" title=\"IMG_3669\" src=\"https:\/\/www.lasallefoundation.org\/wp-content\/uploads\/2024\/10\/IMG_3669-scaled.jpg\" data-orig-src=\"https:\/\/www.lasallefoundation.org\/wp-content\/uploads\/2024\/10\/IMG_3669-1024x683.jpg\" alt class=\"lazyload img-responsive wp-image-5754\" srcset=\"data:image\/svg+xml,%3Csvg%20xmlns%3D%27http%3A%2F%2Fwww.w3.org%2F2000%2Fsvg%27%20width%3D%272560%27%20height%3D%271707%27%20viewBox%3D%270%200%202560%201707%27%3E%3Crect%20width%3D%272560%27%20height%3D%271707%27%20fill-opacity%3D%220%22%2F%3E%3C%2Fsvg%3E\" data-srcset=\"https:\/\/www.lasallefoundation.org\/wp-content\/uploads\/2024\/10\/IMG_3669-200x133.jpg 200w, https:\/\/www.lasallefoundation.org\/wp-content\/uploads\/2024\/10\/IMG_3669-400x267.jpg 400w, https:\/\/www.lasallefoundation.org\/wp-content\/uploads\/2024\/10\/IMG_3669-600x400.jpg 600w, https:\/\/www.lasallefoundation.org\/wp-content\/uploads\/2024\/10\/IMG_3669-800x533.jpg 800w, https:\/\/www.lasallefoundation.org\/wp-content\/uploads\/2024\/10\/IMG_3669-1200x800.jpg 1200w\" data-sizes=\"auto\" data-orig-sizes=\"(max-width: 700px) 100vw, 1200px\" \/><\/span><\/div><div class=\"fusion-separator fusion-full-width-sep\" style=\"align-self: center;margin-left: auto;margin-right: auto;margin-top:40px;margin-bottom:40px;width:100%;\"><\/div><div class=\"fusion-text fusion-text-4\"><p><b>En La Salle Foundation elegimos trabajar para crear un mundo en donde la educaci\u00f3n sea accesible para todos los ni\u00f1os y ni\u00f1as en el mundo. Y t\u00fa, \u00bfqu\u00e9 mundo eliges? <\/b><\/p>\n<p><span style=\"font-weight: 400;\">Conoce m\u00e1s proyectos educativos apoyados por La Salle Foundation:<\/span><\/p>\n<ul>\n<li style=\"list-style-type: none;\">\n<ul>\n<li style=\"font-weight: 400;\"><span style=\"font-weight: 400;\">FOYER AKWABA EN COSTA DE MARFIL, \u00c1FRICA<\/span><\/li>\n<li style=\"font-weight: 400;\" aria-level=\"1\">La Salle Pouthum,<span style=\"font-weight: 400;\"> in Camboya, Asia<\/span><\/li>\n<li style=\"font-weight: 400;\"><span style=\"font-weight: 400;\">Proyecto Fratelli in L\u00edbano, Oriente Medio<\/span><\/li>\n<li style=\"font-weight: 400;\" aria-level=\"1\">Homestead <span style=\"font-weight: 400;\">Estados Unidos, Norte America<\/span><\/li>\n<\/ul>\n<\/li>\n<\/ul>\n<\/div><\/div><\/div><\/div><\/div>\n","protected":false},"excerpt":{"rendered":"","protected":false},"author":2,"featured_media":5746,"menu_order":0,"comment_status":"closed","ping_status":"closed","template":"","format":"standard","meta":{"om_disable_all_campaigns":false,"_monsterinsights_skip_tracking":false,"_monsterinsights_sitenote_active":false,"_monsterinsights_sitenote_note":"","_monsterinsights_sitenote_category":0,"_uf_show_specific_survey":0,"_uf_disable_surveys":false,"footnotes":""},"portfolio_category":[],"portfolio_skills":[],"portfolio_tags":[108,107],"class_list":["post-5763","avada_portfolio","type-avada_portfolio","status-publish","format-standard","has-post-thumbnail","hentry","portfolio_tags-1lasalle-es","portfolio_tags-parc-es"],"aioseo_notices":[],"_links":{"self":[{"href":"https:\/\/www.lasallefoundation.org\/es\/wp-json\/wp\/v2\/avada_portfolio\/5763","targetHints":{"allow":["GET"]}}],"collection":[{"href":"https:\/\/www.lasallefoundation.org\/es\/wp-json\/wp\/v2\/avada_portfolio"}],"about":[{"href":"https:\/\/www.lasallefoundation.org\/es\/wp-json\/wp\/v2\/types\/avada_portfolio"}],"author":[{"embeddable":true,"href":"https:\/\/www.lasallefoundation.org\/es\/wp-json\/wp\/v2\/users\/2"}],"replies":[{"embeddable":true,"href":"https:\/\/www.lasallefoundation.org\/es\/wp-json\/wp\/v2\/comments?post=5763"}],"version-history":[{"count":2,"href":"https:\/\/www.lasallefoundation.org\/es\/wp-json\/wp\/v2\/avada_portfolio\/5763\/revisions"}],"predecessor-version":[{"id":5765,"href":"https:\/\/www.lasallefoundation.org\/es\/wp-json\/wp\/v2\/avada_portfolio\/5763\/revisions\/5765"}],"wp:featuredmedia":[{"embeddable":true,"href":"https:\/\/www.lasallefoundation.org\/es\/wp-json\/wp\/v2\/media\/5746"}],"wp:attachment":[{"href":"https:\/\/www.lasallefoundation.org\/es\/wp-json\/wp\/v2\/media?parent=5763"}],"wp:term":[{"taxonomy":"portfolio_category","embeddable":true,"href":"https:\/\/www.lasallefoundation.org\/es\/wp-json\/wp\/v2\/portfolio_category?post=5763"},{"taxonomy":"portfolio_skills","embeddable":true,"href":"https:\/\/www.lasallefoundation.org\/es\/wp-json\/wp\/v2\/portfolio_skills?post=5763"},{"taxonomy":"portfolio_tags","embeddable":true,"href":"https:\/\/www.lasallefoundation.org\/es\/wp-json\/wp\/v2\/portfolio_tags?post=5763"}],"curies":[{"name":"wp","href":"https:\/\/api.w.org\/{rel}","templated":true}]}}

Educación para mujeres indígenas: La Salle Guatemala

<div class="fusion-fullwidth fullwidth-box fusion-builder-row-1 fusion-flex-container nonhundred-percent-fullwidth non-hundred-percent-height-scrolling" style="--awb-border-radius-top-left:0px;--awb-border-radius-top-right:0px;--awb-border-radius-bottom-right:0px;--awb-border-radius-bottom-left:0px;--awb-flex-wrap:wrap;" ><div class="fusion-builder-row fusion-row fusion-flex-align-items-flex-start fusion-flex-content-wrap" style="max-width:1248px;margin-left: calc(-4% / 2 );margin-right: calc(-4% / 2 );"><div class="fusion-layout-column fusion_builder_column fusion-builder-column-0 fusion_builder_column_1_1 1_1 fusion-flex-column" style="--awb-bg-size:cover;--awb-width-large:100%;--awb-margin-top-large:0px;--awb-spacing-right-large:1.92%;--awb-margin-bottom-large:0px;--awb-spacing-left-large:1.92%;--awb-width-medium:100%;--awb-spacing-right-medium:1.92%;--awb-spacing-left-medium:1.92%;--awb-width-small:100%;--awb-spacing-right-small:1.92%;--awb-spacing-left-small:1.92%;"><div class="fusion-column-wrapper fusion-flex-justify-content-flex-start fusion-content-layout-column"><div class="fusion-separator fusion-full-width-sep" style="align-self: center;margin-left: auto;margin-right: auto;margin-top:40px;margin-bottom:40px;width:100%;"></div><div class="fusion-text fusion-text-1"><h2><span style="font-weight: 400;">Zona Reina, Guatemala: formación profesional para mujeres de comunidades indígenas</span></h2>
</div><div style="text-align:right;"><a class="fusion-button button-flat fusion-button-default-size button-default fusion-button-default button-1 fusion-button-default-span fusion-button-default-type" style="--awb-margin-top:30px;--awb-margin-bottom:60px;" target="_self" href="https://donar.1lasalle.lasallefoundation.org/"><span class="fusion-button-text awb-button__text awb-button__text--default">Apoya el proyecto</span></a></div><div class="fusion-text fusion-text-2"><p><span style="font-weight: 400;">Zona Reina, situada a unos 65 kilómetros de Uspantán en el departamento de Quiché en Guatemala, alberga 92 comunidades, la mayoría de las cuales son Q&#8217;eqchi&#8217;. Aquí, los lasallistas llevan a cabo proyectos destinados a reforzar las capacidades económicas y políticas de las mujeres de las comunidades indígenas.  </span></p>
<p><span style="font-weight: 400;">La iniciativa ofrece formación en prácticas agroecológicas avanzadas y actividades económicas de comercio justo. Los elementos clave son los talleres agroecológicos que mejoran las habilidades en la producción y comercialización de alimentos, dirigidos por mujeres que lideran la formación de otras.   </span></p>
<h4 style="text-align: center;"><span style="font-weight: 400;">Puedes elegir de apoyar este proyecto haciendo clic en la palabra </span><a href="https://dona.1lasalle.lasallefoundation.org/" target="_blank" rel="noopener"><b>DONA</b></a><span style="font-weight: 400;">.</span></h4>
</div><div class="fusion-separator fusion-full-width-sep" style="align-self: center;margin-left: auto;margin-right: auto;margin-top:40px;margin-bottom:40px;width:100%;"></div><div class="fusion-image-element " style="--awb-caption-title-font-family:var(--h2_typography-font-family);--awb-caption-title-font-weight:var(--h2_typography-font-weight);--awb-caption-title-font-style:var(--h2_typography-font-style);--awb-caption-title-size:var(--h2_typography-font-size);--awb-caption-title-transform:var(--h2_typography-text-transform);--awb-caption-title-line-height:var(--h2_typography-line-height);--awb-caption-title-letter-spacing:var(--h2_typography-letter-spacing);"><span class=" fusion-imageframe imageframe-none imageframe-1 hover-type-none"><img decoding="async" width="1024" height="683" title="IMG_4177" src="https://www.lasallefoundation.org/wp-content/uploads/2024/10/IMG_4177-scaled.jpg" data-orig-src="https://www.lasallefoundation.org/wp-content/uploads/2024/10/IMG_4177-1024x683.jpg" alt class="lazyload img-responsive wp-image-5750" srcset="data:image/svg+xml,%3Csvg%20xmlns%3D%27http%3A%2F%2Fwww.w3.org%2F2000%2Fsvg%27%20width%3D%272560%27%20height%3D%271707%27%20viewBox%3D%270%200%202560%201707%27%3E%3Crect%20width%3D%272560%27%20height%3D%271707%27%20fill-opacity%3D%220%22%2F%3E%3C%2Fsvg%3E" data-srcset="https://www.lasallefoundation.org/wp-content/uploads/2024/10/IMG_4177-200x133.jpg 200w, https://www.lasallefoundation.org/wp-content/uploads/2024/10/IMG_4177-400x267.jpg 400w, https://www.lasallefoundation.org/wp-content/uploads/2024/10/IMG_4177-600x400.jpg 600w, https://www.lasallefoundation.org/wp-content/uploads/2024/10/IMG_4177-800x533.jpg 800w, https://www.lasallefoundation.org/wp-content/uploads/2024/10/IMG_4177-1200x800.jpg 1200w" data-sizes="auto" data-orig-sizes="(max-width: 700px) 100vw, 1200px" /></span></div><div class="fusion-separator fusion-full-width-sep" style="align-self: center;margin-left: auto;margin-right: auto;margin-top:40px;margin-bottom:40px;width:100%;"></div><div class="fusion-text fusion-text-3"><h3><b>Promover la participación y el empoderamiento</b></h3>
<p>Para reforzar la capacitación de las mujeres, se imparte formación política y organizativa para promover su participación en la defensa de los intereses de la comunidad y su capacidad de influir en las políticas locales. </p>
<p>El proyecto también proporciona educación socioemocional a jóvenes de entre 15 y 20 años, promoviendo un entorno libre de violencia.</p>
</div><div class="fusion-separator fusion-full-width-sep" style="align-self: center;margin-left: auto;margin-right: auto;margin-top:40px;margin-bottom:40px;width:100%;"></div><div class="fusion-image-element " style="--awb-caption-title-font-family:var(--h2_typography-font-family);--awb-caption-title-font-weight:var(--h2_typography-font-weight);--awb-caption-title-font-style:var(--h2_typography-font-style);--awb-caption-title-size:var(--h2_typography-font-size);--awb-caption-title-transform:var(--h2_typography-text-transform);--awb-caption-title-line-height:var(--h2_typography-line-height);--awb-caption-title-letter-spacing:var(--h2_typography-letter-spacing);"><span class=" fusion-imageframe imageframe-none imageframe-2 hover-type-none"><img decoding="async" width="1024" height="683" title="IMG_3669" src="https://www.lasallefoundation.org/wp-content/uploads/2024/10/IMG_3669-scaled.jpg" data-orig-src="https://www.lasallefoundation.org/wp-content/uploads/2024/10/IMG_3669-1024x683.jpg" alt class="lazyload img-responsive wp-image-5754" srcset="data:image/svg+xml,%3Csvg%20xmlns%3D%27http%3A%2F%2Fwww.w3.org%2F2000%2Fsvg%27%20width%3D%272560%27%20height%3D%271707%27%20viewBox%3D%270%200%202560%201707%27%3E%3Crect%20width%3D%272560%27%20height%3D%271707%27%20fill-opacity%3D%220%22%2F%3E%3C%2Fsvg%3E" data-srcset="https://www.lasallefoundation.org/wp-content/uploads/2024/10/IMG_3669-200x133.jpg 200w, https://www.lasallefoundation.org/wp-content/uploads/2024/10/IMG_3669-400x267.jpg 400w, https://www.lasallefoundation.org/wp-content/uploads/2024/10/IMG_3669-600x400.jpg 600w, https://www.lasallefoundation.org/wp-content/uploads/2024/10/IMG_3669-800x533.jpg 800w, https://www.lasallefoundation.org/wp-content/uploads/2024/10/IMG_3669-1200x800.jpg 1200w" data-sizes="auto" data-orig-sizes="(max-width: 700px) 100vw, 1200px" /></span></div><div class="fusion-separator fusion-full-width-sep" style="align-self: center;margin-left: auto;margin-right: auto;margin-top:40px;margin-bottom:40px;width:100%;"></div><div class="fusion-text fusion-text-4"><p><b>En La Salle Foundation elegimos trabajar para crear un mundo en donde la educación sea accesible para todos los niños y niñas en el mundo. Y tú, ¿qué mundo eliges? </b></p>
<p><span style="font-weight: 400;">Conoce más proyectos educativos apoyados por La Salle Foundation:</span></p>
<ul>
<li style="list-style-type: none;">
<ul>
<li style="font-weight: 400;"><span style="font-weight: 400;">FOYER AKWABA EN COSTA DE MARFIL, ÁFRICA</span></li>
<li style="font-weight: 400;" aria-level="1">La Salle Pouthum,<span style="font-weight: 400;"> in Camboya, Asia</span></li>
<li style="font-weight: 400;"><span style="font-weight: 400;">Proyecto Fratelli in Líbano, Oriente Medio</span></li>
<li style="font-weight: 400;" aria-level="1">Homestead <span style="font-weight: 400;">Estados Unidos, Norte America</span></li>
</ul>
</li>
</ul>
</div></div></div></div></div>
